 in base 5?
4022212
Convert e32d (base 15) to base 2.
1011101101100000
-32293 (base 14) to base 4
-131212221
-1941399 (base 10) to base 4
-13121332113
What is 2e5c9 (base 16) in base 5?
22034042
-158447 (base 10) to base 11
-a9053
What is -1712561 (base 8) in base 5?
-111401014
What is -110023233 (base 4) in base 7?
-463011
Convert -c5aee7 (base 16) to base 9.
-26335372
What is 473650 (base 9) in base 4?
1011202221
34d04 (base 16) to base 15
44169
What is -37d966 (base 15) in base 4?
-22031323200
Convert -111cac (base 13) to base 2.
-1100010101011111101
Convert -22331214 (base 5) to base 13.
-6c718
What is 25d50b (base 16) in base 14?
4877bd
What is -10311221121 (base 4) in base 15?
-1a0be3
Convert 362122 (base 9) to base 10.
218072
What is -11000010011001111100 (base 2) in base 14?
-16a296
-2537068 (base 9) to base 6
-45350355
21110333 (base 4) to base 7
216251
-323110 (base 4) to base 12
-2244
Convert -1167993 (base 13) to base 9.
-11118776
Convert 11040034330 (base 5) to base 6.
1105531351
What is -25300015 (base 6) in base 2?
-11000111010101101011
What is -14670500 (base 8) in base 9?
-6307530
-1342a (base 13) to base 15
-a95e
Convert -5b28ad (base 14) to base 3.
-12212110100000
Convert 510321 (base 6) to base 9.
61244
-79560 (base 10) to base 14
-20dcc
Convert 121253423 (base 6) to base 12.
934273
What is 166362 (base 9) in base 10?
103088
What is -42295 (base 15) in base 11?
-133724
What is -9081475 (base 11) in base 15?
-1624669
Convert -465761 (base 10) to base 3.
-212122220102
-210004243 (base 5) to base 16
-d1f2c
Convert 8a054 (base 14) to base 4.
1101233322
Convert 25430052 (base 6) to base 11.
516248
105103303 (base 6) to base 13
523755
312001102313 (base 4) to base 2
110110000001010010110111
-100010010010001000 (base 2) to base 5
-13443144
Convert 1345432 (base 12) to base 8.
16456046
Convert 51a841 (base 11) to base 14.
17a031
-229268 (base 12) to base 7
-4501145
Convert -1ec20 (base 16) to base 13.
-45461
Convert -66355 (base 12) to base 7.
-1102256
What is 13401410 (base 5) in base 4?
201220002
120212021012 (base 3) to base 12
130812
38912 (base 10) to base 6
500052
-110111003211 (base 4) to base 7
-63203544
Convert -3300323221 (base 4) to base 7.
-11250064
Convert 2994312 (base 10) to base 4.
23123002020
-132722 (base 9) to base 8
-235611
What is -7320253 (base 8) in base 6?
-105341123
23033313 (base 4) to base 14
12b0b
b94068 (base 12) to base 5
1222241033
What is 21152440 (base 6) in base 9?
1146336
111100001000010011000 (base 2) to base 5
1001022303
Convert -223002203313 (base 4) to base 12.
-39413b3
Convert -11000111100110110101 (base 2) to base 4.
-3013212311
What is -10111110100111101011110 (base 2) in base 15?
-835b0d
What is -114130 (base 9) in base 11?
-47625
What is -104203014 (base 6) in base 5?
-440214300
-c7513 (base 14) to base 4
-1311132231
-100011000000010101 (base 2) to base 14
-3a377
What is 121212222202 (base 3) in base 16?
51281
460513 (base 8) to base 6
3202043
-2352888 (base 9) to base 7
-13560155
-1340681 (base 10) to base 16
-147509
483017 (base 11) to base 6
24223131
Convert 21322313030 (base 4) to base 3.
11220010001222
822ae (base 15) to base 14
aa3c8
What is 6246a (base 13) in base 14?
4848c
What is -3600188 (base 9) in base 10?
-1948778
Convert 131b233 (base 13) to base 4.
112313111010
What is 1675354 (base 8) in base 4?
1313223230
Convert 10337810 (base 10) to base 5.
10121302220
9b00c (base 16) to base 14
127536
What is 396cdd (base 15) in base 6?
135031244
20044311 (base 6) to base 16
8a313
-3bbd70 (base 14) to base 10
-2068878
What is 1121321013 (base 4) in base 2?
1011001111001000111
Convert -2600052 (base 7) to base 16.
-52131
Convert 358a52a (base 13) to base 9.
34182687
-36367 (base 11) to base 15
-1079a
Convert 40100240 (base 5) to base 8.
1150457
-8fe9 (base 16) to base 2
-1000111111101001
What is 88027 (base 9) in base 14?
17397
Convert 11023445 (base 10) to base 15.
e7b315
Convert -2201222120201 (base 3) to base 8.
-5434155
Convert -63d31 (base 14) to base 6.
-5101115
Convert 31772675 (base 8) to base 4.
121333112331
240342530 (base 6) to base 5
2123224433
Convert -23230 (base 14) to base 4.
-110313322
What is 1091a5 (base 13) in base 5?
100010440
Convert 6388 (base 12) to base 14.
3d8c
What is -79359 (base 13) in base 11?
-140556
What is -13002233 (base 4) in base 2?
-111000010101111
What is 1110001010111101 (base 2) in base 6?
1124421
Convert -f543e (base 16) to base 13.
-292355
11145225 (base 6) to base 4
1103023301
-2565cb (base 13) to base 4
-3123220001
What is -3513083 (base 9) in base 4?
-13033132113
What is 12110021 (base 4) in base 10?
25865
-1100110100010100 (base 2) to base 12
-26470
Convert -3345525 (base 6) to base 4.
-221130131
What is 60217 (base 9) in base 15?
bab4
-39777 (base 13) to base 15
-2195c
-1a5164 (base 12) to base 7
-3644560
Convert -38353 (base 12) to base 2.
-10010101011101111
-53165 (base 15) to base 13
-92c78
What is 1c441e (base 15) in base 6?
45334532
Convert 45734663 (base 8) to base 4.
211323212303
What is 30041453 (base 6) in base 16?
ce649
What is -465223 (base 9) in base 4?
-1010031132
Convert -105a4 (base 14) to base 11.
-27786
-2a974 (base 12) to base 4
-32223220
2160871 (base 9) to base 8
4335431
Convert -110101000000110111100 (base 2) to base 13.
-48a8ca
What is 706206 (base 11) in base 5?
242314331
Convert -5d854c (base 14) to base 10.
-3211528
3414110244 (base 5) to base 12
264a7b0
Convert -174bf0 (base 16) to base 6.
-52420212
What is -1000010001000010 (base 2) in base 15?
-a073
Convert 2929aa (base 13) to base 12.
405bb6
-665843 (base 11) to base 13
-2b23c8
148640 (base 14) to base 8
2563660
252053254 (base 6) to base 16
4a2642
What is 1443142 (base 5) in base 9?
46526
What is -8dc0c6 (base 14) in base 16?
-49c71e
Convert -20768 (base 15) to base 3.
-12020011222
What is -22212102100121 (base 3) in base 12?
-16b3197
Convert 11001010100001001110100 (base 2) to base 10.
6636148
What is -752653 (base 11) in base 5?
-302012013
What is -432221001 (base 5) in base 2?
-111000000001011100111
-1100010120 (base 3) to base 11
-18876
What is 225555412 (base 6) in base 4?
100001021000
Convert 1223210201 (base 4) to base 11.
281044
Convert -4111110310 (base 5) to base 14.
-1161077
Convert -4440142211 (base 5) to base 13.
-2015177
Convert -a7491 (base 14) to base 4.
-1202230313
What is 201210021222010 (base 3) in base 7?
155250303
Convert -781344 (base 10) to base 15.
-106799
Convert -4511 (base 16) to base 3.
-220020212
What is -11223300102 (base 4) in base 2?
-101101011110000010010
Convert -543499 (base 10) to base 3.
-1000121112121
Convert 3930e5 (base 15) to base 4.
22131330122
-623116 (base 8) to base 15
-4125e
What is -2321200221 (base 4) in base 3?
-1102121022120
Convert 313840 (base 12) to base 6.
24325320
Convert -25823448 (base 9) to base 10.
-12711212
e99869 (base 15) to base 7
163340226
What is 197568 (base 11) in base 2?
1001001111011100000
-3300113013 (base 4) to base 2
-11110000010111000111
What is 20002000021 (base 3) in base 6?
2321311
What is -13c1a2 (base 14) in base 7?
-5555662
Convert -200402521 (base 6) to base 16.
-33bdf1
-4105012 (base 6) to base 12
-95168
What is 12ca4d (base 14) in base 2?
10011110100110001101
What is 33331321232 (base 4) in base 12?
149a352
-101148 (base 9) to base 16
-e9ff
21010112121 (base 3) to base 2
100010010001001010
-8c98d5 (base 16) to base 15
-c201ca
Convert -2022110101121 (base 3) to base 13.
-340759
Convert -201a2a2 (base 14) to base 8.
-71545726
What is 22021211212 (base 3) in base 12?
7a528
What is -2984246 (base 11) in base 6?
-301350021
3531925 (base 10) to base 2
1101011110010010010101
17420215 (base 8) to base 12
1444291
What is 1058029 (base 10) in base 8?
4022355
What is -6a22a2 (base 11) in base 5?
-241200412
Convert -59924c (base 15) to base 12.
-1526999
Convert 11020233 (base 4) to base 13.
9765
Convert -100212051 (base 6) to base 10.
-1696927
Convert -201333301 (base 4) to base 11.
-95690
-212062 (base 14) to base 4
-10101112112
-23332130 (base 4) to base 6
-1015032
Convert 2331342201 (base 5) to base 10.
5340301
Convert -149b30 (base 12) to base 6.
-11251300
Convert 3131106 (base 7) to base 11.
238570
What is -101244012 (base 5) in base 4?
-1211130103
Convert -af7f1 (base 16) to base 6